0 - 1/2*h**3 + 1/60*h**5 + 0*h. Calculate x(-4).
-3
Let t(n) = -n**2 + 2*n + 4. Suppose 2*b - y - 3*y = 0, -2*y = 3*b. Suppose b = -2*g + 3*g + 3. Calculate t(g).
-11
Suppose o = 3*a - 0 + 16, 0 = -4*o - 5*a - 21. Let p(d) be the third derivative of -d**5/15 - d**4/24 + d**3/6 - 2*d**2. Determine p(o).
-4
Suppose -2*q - 10 = -5*f + 4, 4 = f - q. Let n(b) = -2*b**2 + 3*b - 1. Calculate n(f).
-3
Let s = 6 - 11. Let j(g) be the second derivative of -g**5/20 - g**4/2 - 2*g**3/3 + 3*g**2/2 - 4*g. Give j(s).
-2
Let q(f) = -f**2 - f - 1. Let v(d) = 7*d**2 + 12*d + 11. Let p(i) = 6*q(i) + v(i). Let y(l) = -l**2 - 20*l - 69. Let a be y(-16). What is p(a)?
0
Let l(n) = -n**2 - 2*n + 2. Let d(g) = -g**2 - 3*g + 1. Let u(w) = 5*d(w) - 4*l(w). Determine u(-5).
7
Let m(p) = -p**3 - p**2 - p + 5. Suppose 3*q - 4*q = 0. Let v be m(q). Let d be 2/v - 36/15. Let c(z) = z**3 + 2*z**2 + 3*z + 2. Calculate c(d).
-4
Suppose 0 = -4*n - r + 31, -6 = -3*n + 5*r + 23. Let c(f) = f**3 - 8*f**2 - f + 5. Determine c(n).
-3
Let t(n) = 2*n**2 + 41*n + 13. Let v be t(-20). Let p(k) = -k**3 - 7*k**2 - 3*k - 3. Calculate p(v).
18
Let w(r) = r**3 - r**2 + r - 1. Let f(h) = -h**3 + 8*h**2 - 2*h + 4. Let t(n) = f(n) + 2*w(n). What is t(-6)?
2
Suppose 4*z = -5*u - 12, 0*z = -2*z - 2*u - 4. Suppose -z = d - 4. Let y(q) = -2 - 2*q**d + 4*q**2 + 0. Determine y(2).
6
Let g(z) = 4*z**3 - z**2 + 2*z + 2. Let k = 124 + -125. Give g(k).
-5
Let y be (-1)/((3/4)/3). Let c(q) be the third derivative of q**6/120 + q**5/15 + 2*q**3/3 + 27*q**2. What is c(y)?
4
Let w(h) = 2*h - 5. Suppose 0*f + 20 = f - 2*r, -40 = -2*f - 4*r. Suppose 6*i - f = i. Determine w(i).
3
Suppose 3*y + 5*m = 4*m + 19, -3*y = 4*m - 31. Suppose 2 = j - y*n + 1, -2*n + 1 = j. Let t(a) = 1 + 3 - 3 + j - a. Calculate t(0).
2
Let y(x) = 14*x**3 + x + 1. Suppose -3*g - 3 = -0. Calculate y(g).
-14
Let y(v) = v**3 - 2*v**2 - 2*v + 2. Let c(q) = 4*q**3 - 7*q**2 - 9*q + 7. Let l(g) = -2*c(g) + 9*y(g). Give l(3).
-5
Suppose 0 = 3*f - 3. Let m(i) = -71*i + 6. Let k(r) = -35*r + 3. Let n(p) = 5*k(p) - 2*m(p). Let j(c) = 11*c - 1. Let y(v) = 8*j(v) + 3*n(v). What is y(f)?
-10
Let f be 4 + 21/9 + (-3)/9. Let z(r) = 2*r - 5. Calculate z(f).
7
Let b(x) = -6*x**3 - 9*x**2 + x - 2. Let q(u) = -7*u**3 - 10*u**2 + u - 2. Suppose h = -4 - 2. Let c(p) = h*b(p) + 5*q(p). Determine c(-4).
6
Let w(i) = -4*i**2 - 2*i. Suppose 37 = -2*m + 33. Give w(m).
-12
Let j be (-5)/15 - 4/(-3). Let h(d) = d + 0 - j + 0. Suppose b - 8 = -3. What is h(b)?
4
Let a(x) be the third derivative of -x**4/8 - x**3 + 2*x**2. Let v be ((-10)/4)/((-1)/(-2)). Determine a(v).
9
Suppose -9*g + 3*g = 30. Let t(k) = -k**2 - 8*k - 7. Give t(g).
8
Let y(o) = -2*o + 1. Suppose -i + 5*i = 16. Suppose 0*m + 4 = -m, i*b = 3*m. Let a = 1 + b. Give y(a).
5
Let n(j) be the third derivative of j**5/60 + j**4/24 - j**3/6 + 17*j**2. Calculate n(0).
-1
Let r(w) = 5*w**3 - w + 1. Let q be r(1). Let i(d) = -d**3 + 5*d**2 + d - 6. Give i(q).
-1
Suppose 0 = -2*f + 4, 3*p + 2*f = 3*f + 4. Let z(b) = -b - 10*b**3 - b**2 + b + 1 - 2*b + 3*b**p. What is z(1)?
-9
Let g(p) = 3*p**2 - p. Let b be g(-1). Let c be ((-18)/27)/(b/30). Let f(v) = -v**3 - 5*v**2 - 3*v - 4. Give f(c).
11
Let w(x) = 4 + 4*x - 20 + 12 - 5*x. Determine w(5).
-9
Let r(t) = t**2 - 11*t + 9. Suppose 3*a - 26 = -8. Give r(a).
-21
Suppose 5*j - 42 = -12. Let g(y) = 2*y + 15. Let m(f) = -f - 14. Let z(s) = -2*g(s) - 3*m(s). Give z(j).
6
Let i(r) = -r**2 - 2*r - 1. Let c = -7 - -11. Suppose 5*x - c = 4*x. Suppose 0 = x*z + 7 + 5. What is i(z)?
-4
Let y(i) = i - 5. Let f be y(6). Suppose 0 = 5*m + 2*j - f, m = 4*m + j. Let s(l) = -15*l - 1. Determine s(m).
14
Let a = 128 - 130. Let k(l) = l**3 - 2*l**2 - 4*l - 3. Calculate k(a).
-11
Let g be (-2 - 13)*(-1)/(-3). Let b(k) = -7*k - 5. Let i(z) = -6*z - 5. Let m(d) = g*b(d) + 6*i(d). Calculate m(-4).
-1
Let s(n) be the second derivative of 4*n**3/3 - 5*n**2/2 + 2*n. Let g(q) = -q + 1. Let w(x) = -6*g(x) - s(x). Calculate w(-4).
7
Let u(x) be the first derivative of -1/4*x**4 - 3 - 6*x + 0*x**2 + 1/3*x**3. Give u(0).
-6
Let k(i) = 2*i + 11. Let v be 6*-6*(-4)/(-18). Determine k(v).
-5
Let w(y) = y**3 - y**2 - y + 1. Let b be w(2). Let r(f) = -f**3 + 2*f**b + 0*f + 7 - 2*f - 7*f**2. Give r(7).
-7
Let a = -19 + 16. Let m(k) = k**3 + k**2 - 4*k + 1. Calculate m(a).
-5
Let f = 13 - 11. Let r(z) = f + 2*z - 1 + 5*z. Calculate r(-1).
-6
Suppose 6*b - 4*b = -38. Let c = b + 13. Let y(s) = -2*s - 1. What is y(c)?
11
Let w(v) = 3*v**2 - v. Let k(c) = 6*c**2 - 2*c. Suppose 2*i - 36 = 4*z, 0*z = 5*z - 4*i + 51. Let o(x) = z*w(x) + 3*k(x). Let b = -9 - -10. Calculate o(b).
-2
Let g(p) = -6*p + 1. Let o be (-23)/4 + (-5)/20. Let i be 2 - 1 - (8 + o). What is g(i)?
7
Let h(n) be the third derivative of -n**5/60 - 7*n**4/24 - n**2. Let g be -8 + -6*1/(-2). Determine h(g).
10
Let w = 3 - 0. Let q = -5 + w. Let o be (-2)/((0 - q) + -1). Let b(z) = -z**2 + z + 2. Determine b(o).
-4
Let n(d) = -d**3 + 5*d**2 + 6*d + 2. Let t be 6 - (2 + 0 - 2). Let z be n(t). Suppose 5*k - 6 = z*k. Let b(c) = -5*c + 2. What is b(k)?
-8
Let f(z) = -z**3 + 7*z**2 + 2*z + 7. Let u(r) = 2*r**3 - 13*r**2 - 5*r - 14. Let v(m) = 5*f(m) + 2*u(m). Give v(9).
7
Let g(c) be the first derivative of 7*c**3/3 - c + 5. Let f = 4 + -3. Give g(f).
6
Suppose 0 + 3 = 2*l - 5*v, 5*l = -2*v - 7. Let s(j) = 27*j**2 + 2*j + 1. What is s(l)?
26
Let q be (1 - 3) + (-2 - -4). Let l(c) = c**2 + c. Let h = -2 - -3. Let f(t) = -4*t**2 - 6*t + 7. Let z(k) = h*f(k) + 5*l(k). Give z(q).
7
Suppose y = -21*y + 6*y. Let q(l) = l**2 + l - 16. Give q(y).
-16
Let n(j) = j**2 + 2*j + 3. Let i be n(-2). Let m(q) = -2*q + q**2 + 0*q**i + 2*q**2 - 1 + q**3. Suppose -v - 15 = 4*v. Give m(v).
5
Let h(b) = -b**2 - 9*b + 1. Suppose 6*m + 50 = -4. Determine h(m).
1
Suppose 4*w - 2*h = 0, -3*h + 0*h = 4*w + 20. Let b(c) = -c**3 - 3*c**2 - 3*c - 2. Calculate b(w).
0
Let l(r) = r**2 - 4*r + 1. Let n = 28 - 23. Calculate l(n).
6
Suppose 0 = 5*s - 9 + 4. Suppose -s = 2*j - 9. Let y(x) = x**3 - 4*x**2 - 2. Calculate y(j).
-2
Let t(l) = -2*l**2 - 2*l - 2. Suppose 10*y + 4 = 8*y. Give t(y).
-6
Let m(b) = -3*b - 3. Suppose 5*d = 0, -5*o + d + 8 = -2. Suppose 0 = z - 5, -5*n + o*z = -4*n + 15. What is m(n)?
12
Let g(n) = -5*n + n**2 + 5 - n**2 + n**2. Let c(v) = -v + 7. Let k be c(0). Let y = k - 3. What is g(y)?
1
Let y(q) = q**2 - 4*q + 1. Suppose 0 = h - 3*b + 3 + 3, -18 = -5*h + 3*b. What is y(h)?
13
Let j(u) = u**2 - 10*u - 3. Let c be j(10). Let z(y) = -2 - 4*y + 0 + 0. Determine z(c).
10
Let t(f) = f - 1. Let y(v) = -4*v**2 + 10*v - 7. Let r(p) = 3*t(p) + y(p). Let q(l) = 3*l**2 - 9*l + 7. Let s(m) = 7*q(m) + 5*r(m). Calculate s(-2).
-1
Let k(p) = -p**3 + 5*p**2 + 5*p + 8. Let q be k(6). Let g(j) = 4*j + 1. Let t(i) = 2 + 1 - 4. Let d(s) = q*t(s) + g(s). Give d(2).
7
Suppose 2*h = 3*h. Let j(y) = 0*y + h*y + 2*y - 3*y. Let x be 2 - (-1 - (-2 - -3)). What is j(x)?
-4
Let p(o) be the third derivative of o**5/60 - o**4/3 + o**3/2 - o**2 + 8. What is p(6)?
-9
Suppose 2*a = -a + 5*l + 24, -3*a + 2*l + 24 = 0. Let j(b) = 11*b**2 - 12*b. Let h(r) = 7*r**2 - 8*r. Let q(x) = a*h(x) - 5*j(x). What is q(3)?
-3
Suppose -5*g = -3*b - 60, -5*g - 3*b - 2*b + 100 = 0. Suppose -m + 3*y + g = 0, -13 = m + 3*y + 2. Let h(o) = -o**2 + 6. What is h(m)?
6
Let n(z) = 1. Let x(c) = -2*c + 9. Let m(g) = n(g) + x(g). Let d(t) = 1. Let f(r) = -6*d(r) + m(r). Calculate f(3).
-2
Let x(h) = -h. Let l(n) = -2*n. Let p be l(1). Let j be 2 + 12/(-1 + p). Give x(j).
2
Let v(z) = 20*z**3 - z**2 + 2*z - 1. Let w be v(1). Let s(g) = w + g**2 - g - 4*g - 18. Let x(i) = -i. Let p be x(-3). Determine s(p).
-4
Suppose 0 = -w - 3*w + 16. Let t(p) = -3*p - 2 - 8 + p + w. Calculate t(-4).
2
Let w(k) = -3*k**2 - 11*k - 11. Let b(c) = 10*c**2 + 34*c + 34. Let d(u) = 2*b(u) + 7*w(u). Calculate d(-7).
5
Let r(j) = -1 + 5*j - 1 + j**2 - 4*j. Let k be (-2 + 2)/(-2) - -2. Give r(k).
4
Let n(c) be the first derivative of -c**3/3 - 3*c**2/2 + 2*c + 1. Suppose 4*s - 3*s - 3 = 0. Suppose 4*z = -9 - s. Give n(z).
2
Let n(b) = b**3 - b**2 + b - 2. Let r be (-4)/2 + (-1 - -3). Suppose -4*p + 8 = -r*p. Let k be n(p). Let x(w) = -w**3 + 4*w**2 + 2*w + 1. Determine x(k).
9
Let u(r) = -r - 15. Let f be u(-16). Let z(d) = -12*d